t f be (-3 - -10)*3*1. Calculate the highest common divisor of w and f.
3
Let j be 144/5 + (-6)/(-30). Calculate the highest common factor of 232 and j.
29
Let a(j) = 7*j - 8. Let b be a(4). Calculate the highest common divisor of 220 and b.
20
Let j(d) = -d**2 - 3*d + 2. Let q be j(-3). Let x be -3 + q + 1 + -5. Let v = -2 - x. What is the highest common divisor of v and 3?
3
Suppose 4*k + 2*b - 16 = -0*b, 6 = -k + 2*b. Let a be 0 + (1 - -2) + 0. Calculate the highest common factor of a and k.
1
Let j(h) = h - 4. Let y be j(3). Let n = y - 8. Let f be (4/(-1))/2 - n. What is the greatest common divisor of 56 and f?
7
Let o = 1 + -34. Let p = 84 + o. Let i = 106 - p. Calculate the highest common factor of i and 22.
11
Let t be 12/(-10)*10/(-3). Let k(q) = 2*q + 2. Let f be k(5). What is the highest common factor of f and t?
4
Let k be (-2)/((2/4)/(-1)). Let u(i) = -i**3 + 5*i**2 - 3*i - 2. Let j be u(k). Calculate the highest common factor of 10 and j.
2
Suppose -k = k - 4. Suppose -2*q + 0 + 6 = y, 3 = q + 5*y. Calculate the highest common factor of q and k.
1
Let u be 26 - 6 - (1 - 2). Let k = 14 - 7. Calculate the highest common factor of u and k.
7
Let c be (-1)/(-3) + 8/3. Let u be 1*(9/c - -7). What is the greatest common divisor of 4 and u?
2
Let s be 12*-4*2/(-12). Let p be ((-12)/s)/(-3)*198. Calculate the highest common divisor of p and 11.
11
Let g = -513 - -528. Suppose r + 20 = i + 3*r, -r = i - 25. Calculate the highest common divisor of i and g.
15
Suppose 0 = -9*z + 12*z - 99. Calculate the greatest common factor of z and 264.
33
Let i = 33 + 4. Suppose -5*j - 35 = -q, 0 = -2*q - 5*j + 18 + i. Suppose 0 = 5*s - 3*s - 10. Calculate the highest common factor of s and q.
5
Let y = -91 + 53. Let f = 39 + -59. Let k = f - y. What is the highest common divisor of 198 and k?
18
Let c be 3/((-1)/(-24)*2). What is the highest common factor of 90 and c?
18
Let r = 8 - -5. What is the highest common divisor of r and 65?
13
Let h = -6 - -11. Let t = h + -4. Suppose u = 5*l - 10, 8 = -2*l + 3*u - t. Calculate the highest common divisor of l and 2.
1
Suppose 5*b + 9*y - 4*y = 65, b + 4*y - 10 = 0. What is the highest common factor of 14 and b?
14
Let o be (2/(-6))/((-5)/45). Let g = 20 - 14. Suppose -5*s + 4 = -g. Calculate the highest common factor of o and s.
1
Let d be 31/3 - 1/3. Suppose -2*n + 4 = -d. Calculate the highest common divisor of n and 77.
7
Let d = 1 + 0. Let i(j) = j**3 - 2*j**2 + 2*j - 2. Let p be i(2). Suppose -x + 36 = p*x - 3*y, -d = y. What is the highest common factor of 77 and x?
11
Let d be 2/4 + 3/2. Let a be (-8)/(-3) + d/(-3). Suppose a*w - 2 = -0. What is the highest common factor of w and 9?
1
Let x be 587/5 - (-26)/(-65). Calculate the highest common factor of x and 13.
13
Let w(y) = y**2 + 14*y + 14. Let u be w(-13). Let c be (34 - 2/1)/u. What is the greatest common divisor of 4 and c?
4
Let z = 7 + 29. Calculate the greatest common divisor of 4 and z.
4
Let h = -1 - -5. Suppose -l + 4*b = -b - 43, -2*l = -b - 59. Calculate the highest common factor of h and l.
4
Suppose 0 = 5*r + 2*f + 1, -r + 2*f + f = 7. Let v(c) = -c + 1. Let g be v(-3). Let q be (r + 2 - -17)*g. Calculate the greatest common factor of 12 and q.
12
Let f be 90/5*(1 - 0). Calculate the greatest common divisor of f and 12.
6
Let z(j) = -2*j**3 - 2*j**2 - j - 6. Let u be z(-2). Calculate the highest common factor of 4 and u.
4
Let j be (-2)/6 + 110/15. What is the greatest common factor of j and 2?
1
Let b = -6 + 10. Suppose 2 + 14 = b*j. Calculate the greatest common divisor of 28 and j.
4
Let i(r) = 13*r**2 + 3*r - 3. Let q be i(2). Suppose 0 = t - q. What is the highest common factor of 5 and t?
5
Suppose 3*s - 3*j - 58 = -4*j, 5*s = 4*j + 74. What is the highest common factor of s and 18?
18
Let v(z) = 1 + 1 + z**2 - 1 - 5*z. Suppose 5*a = -3*d + 17 + 5, -a + d = -6. Let r be v(a). What is the greatest common divisor of r and 11?
1
Suppose 104 = k - 25. Suppose k = 2*h - 9. Calculate the highest common divisor of 46 and h.
23
Suppose 2*p = 2 + 4. Let q = 0 - -2. Let n be 2*(1 + -2 + q). Calculate the highest common factor of n and p.
1
Suppose s + 34 = -17. Suppose -l + 43 + 63 = -3*z, -2*z - 2*l - 68 = 0. Let a = z - s. What is the greatest common factor of 24 and a?
8
Let a be (-6)/(-3) - (2 + -1). Suppose -2*i + 17 + a = 0. Suppose -5*t + 30 = -0*t. What is the highest common factor of i and t?
3
Let y = 15 + -11. Suppose 2*v - y = -0*v. Suppose 5*n - 56 = -2*a, -4*a - 2*n + 78 + v = 0. What is the highest common factor of a and 162?
18
Let s(o) = o**2 + 10*o. Let h be s(-8). Let j = 3 - h. Suppose -p = -31 - j. What is the highest common factor of 20 and p?
10
Let o be 0*(-1)/2 + 24. Suppose -5*m + 72 = -3*m. Calculate the highest common divisor of m and o.
12
Let l be (136*(-5)/(-10))/2. Calculate the highest common factor of 238 and l.
34
Suppose 5*w - 35 = -2*j, 3*j + 38 = 4*w - 13. Suppose 0 = 3*r - w, 2*r + 74 = k + 3*k. What is the highest common divisor of 10 and k?
10
Suppose -1122 = -5*g + o - 0*o, 2*g - 5*o - 435 = 0. What is the highest common factor of 25 and g?
25
Let l be (-333)/(-7) + (-33)/(-77). Calculate the greatest common divisor of 6 and l.
6
Let z be (-5)/1*(4 - 0). Let t = -13 - z. What is the greatest common divisor of t and 28?
7
Let u be (12 + 0)*(-1)/(-3). Suppose u*x + 2 = 2*s + 8, 3*x - s - 7 = 0. Suppose -3*r + 5 + x = 0. What is the greatest common factor of r and 1?
1
Suppose 4 = 2*h - 0*h. Let b = -6 + h. Let c = b + 7. What is the greatest common factor of 3 and c?
3
Suppose 5*y - 62 = u, -y + u + 7 = -7. Let f = 0 + 0. Suppose 0 = -f*n + 3*n - 180. What is the greatest common divisor of n and y?
12
Let j(v) = -v**2 - 3*v + 3. Let r(z) = -z. Let u(g) = -j(g) - 2*r(g). Let d be u(-6). What is the greatest common factor of 27 and d?
3
Suppose 2*r = -2*w + 56, 2*w - 3*r + 7*r = 66. Suppose -h = -32 - 83. Calculate the greatest common factor of w and h.
23
Let q(w) = 43*w - 1. Let l be q(-1). Let m be l/10 + (-12)/(-30). Let c be 22*(-1)/m*2. What is the highest common factor of 121 and c?
11
Let v be 76/18 - 4/18. Suppose -h - 3*a - 9 = 0, -v*a - 1 = 3*h + 1. What is the greatest common divisor of h and 6?
6
Let k(g) = -g**2 - 12*g - 6. Let t be k(-11). Suppose 1 = -4*z + 5*l + t, -5*z - 3*l = -5. Calculate the greatest common factor of 1 and z.
1
Let t = -7 - -11. Let v(h) = 2*h + 8. Let c be v(4). Calculate the highest common divisor of t and c.
4
Let g = 12 - 7. Suppose 2*z + 75 = 5*o - 2*z, g*z = 3*o - 32. What is the highest common divisor of 171 and o?
19
Let a be (-1)/3 - (-35)/15. Let g(k) = k**2 + k + 14. Let t be g(0). What is the greatest common divisor of t and a?
2
Let z = -127 + 160. Calculate the highest common divisor of 11 and z.
11
Let i(d) = -17*d**3 - 2*d - 2. Let a be i(-1). Let n = 19 - a. Calculate the highest common divisor of n and 18.
2
Let r(y) = 7*y**2 + 1. Let f be r(-1). Let i(u) = -2*u - 6. Let k be i(-4). Suppose 0 = 6*a - k*a - 16. What is the greatest common divisor of f and a?
4
Let k = 29 - -21. What is the highest common factor of 20 and k?
10
Suppose 0*o - o = 4. Let n = 0 - o. Let j = -1 + 17. Calculate the greatest common divisor of j and n.
4
Let t = 325 - 157. Calculate the highest common factor of 24 and t.
24
Let s be (3/9)/((-2)/(-12)). Let g = -25 - -41. Calculate the highest common factor of g and s.
2
Suppose -4*k = -q - k + 74, 2*k = -3*q + 255. Suppose -42 = -5*l + q. Suppose 9 = -4*o + l. Calculate the greatest common factor of 16 and o.
4
Suppose 4*r - 3*a - 1896 = -0*r, 474 = r - 3*a. Suppose -4*m + r = 154. Calculate the greatest common divisor of m and 10.
10
Let r be 10*-4 - (-3 - -3). Let l = 6 - r. Suppose -5*z = -5*m + 283 + 82, 12 = -3*z. Calculate the greatest common factor of m and l.
23
Suppose -2*r = a - 23, -22 + 7 = 3*a. Let j be 116/r + (-4)/14. Calculate the greatest common divisor of j and 56.
8
Let l(v) = -v**2 + 4*v + 22. Let s be l(7). Calculate the highest common divisor of 11 and s.
1
Let v = 48 - 22. Let s = 1 + 64. Calculate the greatest common factor of v and s.
13
Let k(o) = 70*o**3 - o + 1. Let p be k(1). Suppose -2*j + 86 = 5*x + 2*j, -44 = -4*x + 3*j. Calculate the highest common divisor of p and x.
14
Let l(p) be the